 326. Is w prime?
True
Let v = -1811 - -4144. Is v composite?
False
Suppose 16*x = 14*x + 185586. Is x prime?
False
Suppose 0 = 2*q - 41040 + 16562. Is q a prime number?
True
Suppose -4*f + 4*u = -0*f - 16, 4*f = -3*u + 16. Suppose -d - 1 = z - f, 0 = -5*d - 2*z + 15. Suppose 0 = -d*r - r + 92. Is r a prime number?
True
Let c = 527 - 267. Suppose w - c + 59 = 0. Is w a prime number?
False
Let h(y) = -13*y**3 - 2*y - 2. Let r be 10*(3/3 + -2). Let f be 4/r*(-1 + 6). Is h(f) prime?
False
Let k = 9 + -5. Suppose 0 = -3*v - 5*c + 661, k*c = 4*v + c - 862. Is v prime?
False
Let s be (53672/44)/(-1) - 2/11. Let n = 2619 + s. Is n prime?
True
Suppose 4*q + 12 = 0, 0*q = 4*r - 4*q - 24. Let b be 11/((-3)/(1035/(-3))). Suppose b = r*t + 2*t. Is t prime?
False
Is ((-1443)/(-39))/(1/61) composite?
True
Let p be (-3 - -1) + 4/1. Suppose 4*l - 2078 = p*l. Suppose 5*w - 1289 = -2*i, 0*w = -4*w + i + l. Is w composite?
True
Let t = -1 - -3. Suppose -6113 = -t*p + 4*y + 45779, -3*p - y = -77831. Is (-6)/(-33) - p/(-88) prime?
False
Let j(b) = -9344*b + 55. Is j(-2) composite?
False
Suppose 5*j + 5*k = 1030, -2*j = -4*j - 5*k + 415. Suppose 0 = -4*u + 981 - j. Is u prime?
False
Let z = -48653 + 68454. Is z a composite number?
False
Is 6/(-60) - (-715713)/30 composite?
False
Suppose 17*v - 10 = 12*v. Is ((-101)/v)/(1/(-6)) a composite number?
True
Suppose -k + 877 = -1185. Is k prime?
False
Let u(h) = -11 - 2*h**3 + 0*h**2 + 4*h**2 + h + 3*h**2. Is u(-5) composite?
False
Suppose -3*g + 4*r + 4086 = r, 2*g = -2*r + 2720. Is g prime?
True
Let t(x) = x + 89. Suppose -1 = -p - 1. Is t(p) a composite number?
False
Let g be -3 - -5*11 - -2. Suppose -4*v + 36 = 2*m, -5*m + v + 188 - g = 0. Is m prime?
False
Let y(s) = 2*s**3 - 74*s**2 - 151*s + 122. Is y(67) a composite number?
True
Suppose 19129 + 87333 = 2*q. Is q a prime number?
True
Suppose -33*q - 1261 = -34*q. Is q a prime number?
False
Let f(g) = -g**3 - 8*g**2 - 6*g + 7. Let y be f(-7). Suppose y*s = -s + 39. Is s a prime number?
False
Let w(x) be the third derivative of -x**6/40 - x**5/20 - 5*x**4/24 - x**3 - 11*x**2. Is w(-5) composite?
True
Is ((-1110774)/(-84))/((-3)/(-6)) prime?
False
Let u = -17304 + 10809. Let p = -2848 - u. Is p a prime number?
False
Let z(a) = 11*a**2 + 3*a + 5. Suppose 0 = -j + 3*x + 7, 3*j - 10 = j + 2*x. Suppose 14 = 3*y - j. Is z(y) a prime number?
True
Suppose 0 = 67*p - 1038801 - 14908. Is p a composite number?
False
Suppose r + r = 6. Suppose -4*n = -2*k - 52, 3*k - r + 53 = -n. Is (-3434)/k - 12/(-54) composite?
False
Suppose 1588*r = 1586*r + 3518. Is r composite?
False
Suppose -2*d - 6 + 4 = -2*t, 0 = d + t - 7. Suppose -10081 = -c - d*c + q, -15 = -5*q. Is c prime?
True
Is (-12778)/4*(-1 - (5 + -4)) prime?
True
Suppose 0 = -5*r + 5*w + 16005, -4*w - 1422 = -2*r + 4980. Let o = r + -2034. Is o a prime number?
False
Let k(s) = -7*s**2 - 19*s + 5. Let b(g) = 8*g**2 + 20*g - 5. Let h(a) = -6*b(a) - 7*k(a). Is h(-21) prime?
True
Suppose -9 - 1 = -5*o. Suppose -o*b = 8, -1204 = -5*h + 5*b + 711. Is h a composite number?
False
Let k = 85945 - 39618. Is k a composite number?
False
Let l = -9 + 14. Suppose 0 = 2*y - l*t + 2 - 5, 2*t + 2 = y. Let i = 15 + y. Is i prime?
True
Suppose -10*w = 7136 - 62206. Is w a composite number?
False
Let x = 5 + -13. Let n = -107 - x. Let m = -53 - n. Is m a composite number?
True
Suppose 991 = -f - 4*i, -f + 4*i - 272 - 687 = 0. Let h = f - -2044. Is h a composite number?
False
Let g(o) = 2971*o**2 + 2*o - 2. Let n(k) = k + 20. Let t be n(-19). Is g(t) composite?
False
Suppose -5*c + 10 = 4*n, -c - 4*c - n = -10. Is c/12*(34 + -1)*2 a composite number?
False
Suppose 5*v = 7*f - 3*f + 130861, -v + 26170 = -3*f. Is v a composite number?
True
Suppose 3186466 = 13*z + 33*z. Is z composite?
True
Let l(o) be the second derivative of 28*o**3/3 + o**2/2 + 15*o. Is l(6) prime?
True
Let v(k) = -k**3 + 12*k**2 - 11*k + 5. Let d be v(11). Let b(z) = -3*z**2 + 4*z - 9. Let h be b(d). Is 1682/8 + (-48)/h a composite number?
False
Let t be 30/4*24/20 - 4. Suppose 0 = -5*s + 1 + 14. Suppose 6*w - w - 1220 = -5*p, -t*w - 772 = -s*p. Is p a composite number?
True
Suppose 5*b = 7 + 13. Let v = 64 + -64. Suppose b*o - 56 = -v*o. Is o a prime number?
False
Suppose -1142 = -7*z + 5*z. Suppose -4377 - 867 = -6*a. Let s = a - z. Is s a composite number?
True
Let a be (-3 + -2)/(5/(-2)). Let g(q) = -2 - 3 - 22*q - 39*q - a. Is g(-2) a prime number?
False
Suppose -2*u + 10 = s, -4*u = -3*s - 2*s - 6. Let c be s/(-14) + (-19344)/(-21). Suppose -2*l - l = -c. Is l a prime number?
True
Let w(n) = -7*n**3 - 11*n**2 - 6*n - 5. Let g be w(-11). Suppose 0*t + 2*t - u = g, -5*u = 5. Suppose 373 + t = 4*b. Is b composite?
True
Let t be 1870/8 + 1/4. Let l be (-6)/(8/((-168)/(-9))). Is t + l - (-1 - 2) a composite number?
False
Let y(a) = a**2 - 5 - 29*a**3 - a + 6*a**3 - 5*a**2. Is y(-3) composite?
True
Let n = 60 + -64. Let a(h) = -46*h**3 + 5*h**2 - 4*h - 5. Is a(n) prime?
False
Let u(j) = -5*j**3 - j**2 - 2*j + 4. Suppose 3*g + 9 + 0 = 0. Let o be u(g). Suppose -5*w + 1503 = 2*k - o, -656 = -2*w - k. Is w a composite number?
True
Suppose -3*k + 2*k - 1 = 0. Let h(w) = 16*w**3 - 16 + 4*w - 6*w - 52*w**3 + 15 - 2*w**2. Is h(k) prime?
False
Let c = -2 - -7. Suppose 187 = 4*t + 3*d, -t + c*t + d - 193 = 0. Is t a prime number?
False
Let n(j) = 222*j**2 + 2*j - 6. Let r(l) = 111*l**2 + l - 3. Let d(i) = -2*n(i) + 5*r(i). Is d(5) a prime number?
True
Suppose 9*c = c + 184. Is c a prime number?
True
Suppose -5*c = -u - 181746, 31*u - 26*u = 5*c - 181750. Is c composite?
True
Suppose 3*p + q + 4*q - 20 = 0, 4*p = 5*q - 20. Suppose g - 2*v - 221 = p, 0 = -3*g - v + 373 + 255. Is g a prime number?
True
Let h = 567 - -323. Let w be (0 - 11)/(2/(-90)). Let b = h - w. Is b composite?
True
Let d(k) be the first derivative of -k**3/3 + 7*k**2/2 + 4*k + 3. Let f be d(6). Is 7041/15 - 4/f composite?
True
Let q(d) = d**3 + 16*d**2 + 14*d - 12. Let g be q(-15). Let i be 0/(-1 + g - 0). Suppose i = 2*c - 116 - 194. Is c a composite number?
True
Let r(g) = g**2 + g - 4. Let u be r(-3). Let a be 3 - 1 - 1/(-1). Suppose 41 = 3*h + 5*t, -3*h + a*t + 17 = u*t. Is h composite?
False
Let p = 0 + 19. Let k = p + -20. Is (7/(-2))/(k/58) prime?
False
Let g = 1260 + 2867. Is g composite?
False
Let k be 20*2/20*12. Suppose 3*u + 3*y = -2*y + 36, -y = 2*u - k. Is (-2)/6 - (-592)/u a composite number?
True
Let q = -2581 + 3682. Is q prime?
False
Let a = 5 - 1. Suppose 0 = -2*m - a*q + 1778, -2*m + 1774 = 4*q + q. Suppose -k - m = -4*k. Is k a prime number?
False
Let q be (-118)/(-6) + (-1)/(-3). Suppose -q = -20*x + 16*x. Let r(n) = 4*n**3 - 5*n**2 + 5*n - 3. Is r(x) composite?
False
Suppose -9*w - 1045 = -44668. Is w composite?
True
Let f(w) = -120*w**3 + 7*w**2 + 12*w + 4. Is f(-3) a prime number?
True
Suppose -2*a = k - 6, -2*k = 3*a - 6 - 3. Is (-15)/10*(-1354)/a a composite number?
False
Let u(j) = -66*j**3 + 2*j**2 - 10*j - 19. Is u(-6) a composite number?
False
Suppose 0 = 4*f - 3*c + 211 + 280, c = -4*f - 503. Let g(h) = -50*h + 16. Let q be g(-4). Let k = q + f. Is k a prime number?
False
Suppose 10*m = 19*m - 41274. Is m a composite number?
True
Let l(q) = q**2 + 9*q + 1. Let u be l(-9). Is (-6)/(-2) + (309 - u) a composite number?
False
Let h(u) be the second derivative of u**3/6 - u**2/2 - 4*u. Let z be h(1). Suppose z*k + k + 2*s = 159, 4*k - 5*s - 662 = 0. Is k a composite number?
False
Suppose 0 = -3*w + n + 2159, -w + 7*n = 3*n - 727. Let a = -252 + w. Is a prime?
True
Let f(b) = 3*b**2 + 2*b - 9. Let l be f(-6). Suppose -l = -3*o + 1692. Is o composite?
False
Suppose 0 = -20*i + 12*i + 25096. Is i prime?
True
Suppose -670 = 6*l - 2350. Suppose -3*g = -173 - l. Suppose 351 = 2*s - g. Is s prime?
True
Let c(i) = 6310*i + 193. Is c(9) prime?
True
Let i(t) = 10*t**2 + 9*t + 18. Let z(s) = 2*s + 19. Let d be z(-12). Is i(d) prime?
True
Let k be ((-100)/16)/((-2)/8). Let r = -19 + k. Suppose 0 = -4*m - j + 84, -r*m + j = -2*m - 84. Is m a prime number?
False
Let k = 2 - 1. Let l = 351 + -344. Suppose l = o + k. Is o prime?
False
Let a(c) be the second derivative of -4*c**2 + 1/3*c**4 - 6*c + 0 + 1/2*c**3. Is a(-9) a composite number?
True
Let h(l) = -l**3 + 12*l**2 + 8*l + 21. Let u be h(9). Suppo